 19 = 2*v. Suppose -15 = -i*m + 12. Let g be ((-6)/m - 0)*-6. What is the highest common factor of g and 10?
2
Let o be 17/3 + 2/(-3). Suppose o*m - 36 = -1. What is the greatest common divisor of m and 35?
7
Let a(g) = 2*g**2. Let y be a(2). Suppose 0 = -4*p - 9 - 11. Let d be ((-2)/p)/((-2)/(-40)). What is the greatest common divisor of y and d?
8
Let t be (25 + -1)/((-9)/(-6)). Suppose -2*o - 3*x = -19, -4*o + 13 = 2*x - x. Calculate the greatest common divisor of o and t.
2
Let i(n) = n - 3. Let w be i(15). Calculate the highest common factor of w and 36.
12
Suppose -z - 2*a = -12, 3*z = -3*a - a + 30. Let c = 10 + -7. Suppose 2 = c*m - d - 5, m + 3*d = -1. Calculate the greatest common factor of z and m.
2
Suppose -3*c + 42 + 0 = 0. Let i(r) = -r**3 - 5*r**2 + 5*r + 1. Let p(g) = g + 1. Let a be p(-7). Let l be i(a). What is the greatest common divisor of c and l?
7
Let w be (-25)/(-7 - -2) + 3. Calculate the greatest common divisor of w and 32.
8
Suppose 120 = 8*x - 3*x. What is the greatest common factor of 24 and x?
24
Let j = 128 - 43. Let w be 1/((1/(-2))/(136/(-16))). What is the highest common factor of w and j?
17
Let j(z) = z**3 - 5*z**2 + 4*z - 4. Let u be j(4). Let b = u - -26. What is the highest common factor of 55 and b?
11
Suppose 0 = -2*t + 5*i - 338, 4*t - 5*i = 51 - 737. Let m = t - -314. What is the highest common factor of m and 35?
35
Let a be (-1 - -1 - 6) + 3. Let b be (-5)/(24/9 + a). Calculate the highest common factor of b and 3.
3
Let h(a) = 6*a - 2. Let d be h(3). Let y = 80 - 48. Calculate the highest common divisor of y and d.
16
Let h(x) = 2*x + 30. Let r be h(-12). Calculate the greatest common factor of r and 12.
6
Let y be (2/6)/(1/9). Let s(i) = i**3 - 2*i**2 - 2*i + 1. Let a be s(y). Calculate the highest common factor of a and 44.
4
Suppose 5*x + 2*v = 436, -v = -0*x + 4*x - 350. What is the greatest common divisor of x and 8?
8
Let p(c) = -c**3 - 16*c**2 - 3*c - 31. Let l be p(-16). What is the greatest common divisor of 136 and l?
17
Suppose -u - 6 = 2*u. Let f be (1 + -3 - 0)*u. Calculate the greatest common divisor of 10 and f.
2
Let f(u) = -2*u**3 - 6*u**2 + 4. Let d be f(-4). Suppose l + l - 8 = 0. What is the highest common divisor of l and d?
4
Let k(d) = 3*d**2 + 7*d. Let g be k(-3). Let n = 17 + 13. Calculate the greatest common divisor of g and n.
6
Let s(y) = -1 + 3 - 4 + 2*y. Let r be s(5). Suppose r*q - 5*g = 3*q + 205, 148 = 4*q + 4*g. Calculate the highest common factor of 13 and q.
13
Let p = -24 + 36. Calculate the highest common divisor of 3 and p.
3
Suppose -x + 3 + 1 = 0. Let a(k) = -4*k**2 - 2*k. Let r be a(-2). Let i be (r/(-10))/(x/140). What is the highest common factor of i and 28?
14
Let b(t) = t**2 + 6*t. Let a be b(-7). Suppose a*h - 3*h - 144 = 0. Let i be 1 + (1 - -1*7). Calculate the greatest common divisor of h and i.
9
Let y(g) = g**3 + 17*g**2 - 10*g + 6. Let b = 40 - 57. Let c be y(b). What is the highest common divisor of 22 and c?
22
Let i = 0 - 1. Let d be 21 + (-3 - i) - 2. What is the greatest common divisor of 187 and d?
17
Let i = 29 - 9. Suppose -2*d = 4*n - 2 - 2, 4*d = 2*n + 8. Let b be (d - -2)/((-4)/(-8)). What is the greatest common divisor of b and i?
4
Let z = 38 + -17. What is the highest common divisor of z and 21?
21
Let r = 73 + -43. Let d be 144/10*(-20)/6. Let z = -28 - d. Calculate the highest common divisor of r and z.
10
Let f = 50 + -5. Let m = -30 + 39. Calculate the greatest common factor of f and m.
9
Suppose g - 5 = s, 2*g + 0*g + 10 = -3*s. Let t be 1 + -2 + (-3 - s). Suppose t*j + j = 15. Calculate the highest common factor of j and 60.
15
Let t be 6/(18/15) + 25. Suppose -4*i + 30 = i. What is the highest common divisor of i and t?
6
Suppose 5*g = -0*g + 2*l + 90, g - 15 = l. What is the greatest common factor of 80 and g?
20
Let j be ((-2 - 0)*12)/(-1). Let r = 19 - -53. Calculate the highest common divisor of r and j.
24
Suppose 0 = -4*j - q + 11, -2*q - 10 = -3*j - q. Let v be 14 + 3*j/9. What is the highest common factor of 60 and v?
15
Suppose -3*p - 3*w + 120 = 0, 4*p - 8*w = -3*w + 196. Calculate the highest common factor of p and 4.
4
Suppose r = -0*r - 5*y - 14, -3*r + 5*y = -18. Let i be 54 + 3 + (-2)/r. Calculate the highest common divisor of i and 22.
11
Suppose 0 = -6*l + l - 10. Let p be l/(-3) - 52/(-12). Suppose -p*x + x = -12. What is the greatest common divisor of 6 and x?
3
Let t be (-21)/(-35) + 27/5. Let q be (18/(-15))/(t/(-40)). What is the greatest common factor of q and 1?
1
Let c = -55 + 127. Suppose -4*x - 3*w + 35 = 0, 2*x - 21 = -4*w - w. What is the greatest common divisor of c and x?
8
Suppose 58 = 4*m - 62. What is the greatest common divisor of m and 3?
3
Suppose -2*f + 3*d = -14, 2*f + 6 = -2*d - 0*d. Suppose 5*o + f = 11. Suppose 9 = o*h - 15. Calculate the greatest common factor of 48 and h.
12
Let m = 1 - 1. Suppose -d - 2*a + 139 = 2*d, -3*d - 5*a + 145 = m. Suppose 0 = 9*k - 7*k - 60. What is the greatest common factor of d and k?
15
Let h be 1/((-1)/(0 - 1)). Suppose 2*k - 3*j - 68 = h, -3*j - 9 = 0. What is the greatest common divisor of k and 45?
15
Let i be (-1 - 0) + (-2 - -79). Calculate the greatest common divisor of i and 19.
19
Let v be (11/33)/((-2)/(-6)). Suppose -5*y - 25 = -5*c, -y = 5*c - 0*y - 19. What is the highest common divisor of c and v?
1
Let o be ((-7)/3)/(3/(-117)). Let x be 10 - (1/(-2) - 10/4). What is the highest common factor of o and x?
13
Let u(j) = -j + 2. Let l be u(4). Let o be (l - -6)*(-38)/(-8). Suppose f - o = 33. What is the highest common divisor of f and 13?
13
Let p(z) = z + 14. Suppose 34 - 10 = -3*v. Let d be p(v). Let o be 15 + (-3)/d*6. What is the highest common divisor of 6 and o?
6
Let d = 43 + -22. What is the highest common factor of d and 14?
7
Suppose 5*i = i + 88. Suppose d + 2*d - 726 = 0. What is the greatest common divisor of i and d?
22
Let y(h) = h**2 + 3*h + 9. Let f be y(-3). Suppose 3*d - 136 - 149 = -4*j, 0 = -2*d + 2*j + 204. Calculate the greatest common factor of f and d.
9
Let i(z) = -z**3 + 12*z**2 + 2*z - 6. Let m be i(7). What is the highest common divisor of m and 23?
23
Let q be (-45)/(-18)*(5 + 1). Suppose 4*p = 2*m + 18, 0*p + 4*p + 5*m = 39. Calculate the greatest common divisor of q and p.
3
Suppose -9*c + 180 = -4*c. What is the greatest common divisor of c and 18?
18
Let v = 60 + -38. What is the greatest common factor of 110 and v?
22
Suppose -q + 5 - 3 = 0. Let o be q - (-2)/3*12. What is the greatest common divisor of 5 and o?
5
Let d(g) = 2*g - 12. Let i be d(11). Suppose -2*r + r = -90. Calculate the greatest common divisor of r and i.
10
Suppose 4*n = -4*v + 136, 30 = -4*n - 3*v + 163. What is the highest common factor of 31 and n?
31
Let x = 430 - 265. Calculate the highest common factor of x and 33.
33
Suppose 2*q + 2*z = 6, 2*q + 2 = 5*z + 8. Suppose -q*d + 5 = 2. Suppose -4*h + 5*i + 11 = -0*i, h - 3*i = d. Calculate the highest common divisor of h and 1.
1
Suppose -25 = -3*q - 4. Calculate the greatest common factor of 56 and q.
7
Let g = -3 - -107. Suppose 3*a - 4*o - 27 = -0*a, -5*o - 11 = -2*a. Calculate the greatest common divisor of a and g.
13
Suppose 3*u - 264 = -5*r, -r + 48 = 3*u - 4*u. Calculate the highest common divisor of 6 and r.
3
Suppose -d + 0*d + y = -76, 3*d + y - 236 = 0. Calculate the highest common divisor of d and 13.
13
Let k = 27 + -9. Suppose 0 = -3*x - 2*x + 225. What is the greatest common divisor of k and x?
9
Let b(k) = k**3 - 9*k**2 - 9*k. Let a be b(10). What is the greatest common factor of 90 and a?
10
Let r(z) = -5*z + 1. Let s be r(-6). Calculate the highest common divisor of 248 and s.
31
Let a = 29 + -21. What is the greatest common factor of a and 16?
8
Let z = 8 + -4. Suppose z*i + 0 - 12 = 0. Suppose 32 + 26 = i*r + 2*y, 4*r - 89 = -5*y. Calculate the greatest common divisor of r and 32.
16
Let n be (11/3)/((-8)/(-24)). Suppose 0*k - n = -2*k + 5*c, -k = 2*c + 8. Let a(q) = -55*q + 2. Let f be a(k). Calculate the highest common factor of 14 and f.
14
Let m be (13 - -33) + 0 + -1. Calculate the highest common divisor of m and 18.
9
Let w be ((-8)/6)/(13/(-39)). Calculate the highest common factor of w and 44.
4
Let v(o) = -o**2 - 4*o - 1. Suppose 2*x + 9 = 3. Let k b